1009 composite?
False
Is 17201551 prime?
False
Is 7432339 composite?
True
Is 4701967 composite?
True
Is 2840797 a composite number?
True
Is 5742101 composite?
True
Is 120396953 a prime number?
True
Is 281959 a composite number?
False
Is 29682269 composite?
False
Is 21420911 composite?
True
Is 1386089 a composite number?
False
Is 15305743 prime?
True
Is 84182249 composite?
True
Is 2437033 a composite number?
False
Is 97601587 a composite number?
False
Is 1598789 composite?
False
Is 6687689 a prime number?
True
Is 5306267 a prime number?
True
Is 3549505 prime?
False
Is 1451693 a prime number?
False
Is 109038743 prime?
False
Is 138727 prime?
True
Is 58420333 prime?
False
Is 906869 a composite number?
False
Is 289753 a composite number?
True
Is 5669867 a prime number?
False
Is 16261757 prime?
False
Is 530377 prime?
False
Is 549773 a prime number?
False
Is 4942177 composite?
False
Is 177340991 a composite number?
True
Is 573961 a prime number?
False
Is 28717463 composite?
False
Is 305993 a composite number?
True
Is 561467 prime?
False
Is 7051201 prime?
False
Is 56180242 composite?
True
Is 15678643 composite?
True
Is 2998291 a prime number?
True
Is 22435111 prime?
True
Is 40067933 composite?
False
Is 4362167 a composite number?
False
Is 748901 composite?
True
Is 76969913 a composite number?
False
Is 32412031 a prime number?
True
Is 30970858 a prime number?
False
Is 24879271 a prime number?
True
Is 366083 composite?
True
Is 4058059 prime?
True
Is 19638431 prime?
True
Is 483956905 prime?
False
Is 8853557 a composite number?
True
Is 31762729 a composite number?
False
Is 3219631 a prime number?
True
Is 415263613 composite?
False
Is 166778081 a composite number?
True
Is 72391001 composite?
True
Is 180518663 composite?
True
Is 1050883 a composite number?
True
Is 8789477 composite?
False
Is 244636321 composite?
False
Is 192149 composite?
False
Is 429427 prime?
True
Is 916013 composite?
True
Is 6463139 composite?
False
Is 8371109 a composite number?
False
Is 274198679 a prime number?
False
Is 43561399 prime?
False
Is 1885979 a prime number?
True
Is 9566561 prime?
True
Is 9386215 composite?
True
Is 75779009 a prime number?
False
Is 20893259 prime?
False
Is 42527305 prime?
False
Is 72801847 prime?
False
Is 5465443 composite?
False
Is 67615067 prime?
False
Is 394969342 composite?
True
Is 3942101 prime?
False
Is 2651387 a composite number?
False
Is 112070891 prime?
False
Is 7653901 composite?
False
Is 376918 prime?
False
Is 1365251 composite?
False
Is 2702639 a composite number?
False
Is 10413211 prime?
True
Is 16900003 a prime number?
False
Is 124153741 a prime number?
True
Is 33340819 composite?
True
Is 17400191 prime?
True
Is 6770419 a prime number?
True
Is 6845507 a composite number?
True
Is 907575023 prime?
True
Is 11173621 composite?
True
Is 1710187 a composite number?
True
Is 170060531 prime?
True
Is 1307183 a prime number?
True
Is 461509 prime?
False
Is 926075873 composite?
True
Is 6868109 a composite number?
False
Is 158706635 a composite number?
True
Is 696924659 prime?
True
Is 1557823 prime?
True
Is 2613859 a composite number?
True
Is 743819 a composite number?
False
Is 8798971 a prime number?
False
Is 1842319 a prime number?
False
Is 69767687 composite?
True
Is 14281411 a prime number?
False
Is 22385789 a prime number?
True
Is 117040958 composite?
True
Is 5239033 a prime number?
True
Is 74562767 a prime number?
True
Is 4825621 a prime number?
True
Is 96661117 composite?
True
Is 11221017 composite?
True
Is 303453233 a prime number?
False
Is 9835273 composite?
True
Is 1260401 a prime number?
True
Is 49160147 composite?
False
Is 49780853 a prime number?
False
Is 593353 prime?
True
Is 6446803 a composite number?
True
Is 5045771 composite?
False
Is 12810821 prime?
True
Is 709799 prime?
True
Is 523998149 a prime number?
False
Is 12976681 a prime number?
True
Is 27527627 a prime number?
True
Is 3733913 a composite number?
False
Is 117083 prime?
False
Is 6544477 a composite number?
True
Is 26414069 a composite number?
True
Is 88534739 a prime number?
True
Is 256975309 composite?
False
Is 900173 prime?
False
Is 3161099 a composite number?
True
Is 22059919 composite?
True
Is 285624221 prime?
False
Is 543613 a composite number?
True
Is 5697437 a prime number?
False
Is 72591833 composite?
False
Is 52129927 a composite number?
True
Is 167189 a composite number?
True
Is 47746011 composite?
True
Is 624071 a composite number?
True
Is 2438339 prime?
True
Is 136787051 a prime number?
False
Is 7823551 a composite number?
True
Is 19639019 a composite number?
False
Is 11006851 a composite number?
False
Is 11289953 a composite number?
False
Is 52209811 prime?
True
Is 6737299 a prime number?
True
Is 11278357 composite?
False
Is 5347793 a prime number?
False
Is 119974903 a composite number?
True
Is 3732999 prime?
False
Is 5010107 prime?
True
Is 74167589 prime?
True
Is 29972429 composite?
True
Is 7612765 a prime number?
False
Is 402691 a prime number?
True
Is 142739 a composite number?
True
Is 355171 composite?
False
Is 82509239 a composite number?
False
Is 4999429 composite?
True
Is 1560637 composite?
True
Is 5043133 a composite number?
True
Is 1442509 a composite number?
False
Is 1562833 a prime number?
True
Is 19941622 composite?
True
Is 140032967 prime?
False
Is 6386923 composite?
False
Is 681743 prime?
False
Is 65963449 a prime number?
True
Is 65424533 a prime number?
True
Is 165752819 prime?
False
Is 12856373 composite?
False
Is 762017 composite?
False
Is 2034438139 prime?
True
Is 37666381 composite?
False
Is 350231 a prime number?
False
Is 9153031 a prime number?
True
Is 5726459 composite?
False
Is 613589 a composite number?
True
Is 905581 a composite number?
False
Is 12514237 prime?
True
Is 15885119 a composite number?
True
Is 70336729 a prime number?
True
Is 1227241 a prime number?
True
Is 4029539 prime?
False
Is 77949889 composite?
False
Is 210077723 a composite number?
False
Is 269897789 prime?
False
Is 3713162 composite?
True
Is 109572409 prime?
False
Is 3021037 a composite number?
True
Is 350703683 a prime number?
False
Is 5503741 a composite number?
False
Is 8949299 prime?
True
Is 22533113 a prime number?
True
Is 4685221 composite?
False
Is 2897 a prime number?
True
Is 3238751 composite?
False
Is 6502403 composite?
True
Is 511249 prime?
False
Is 3471466 composite?
True
Is 324906445 composite?
True
Is 21434969 a composite number?
True
Is 43941059 a prime number?
False
Is 212285 composite?
True
Is 1001563 prime?
True
Is 161085063 a composite number?
True
Is 1401142 a prime number?
False
Is 4594651 a composite number?
True
Is 2047987 composite?
True
Is 95337157 composite?
False
Is 12138521 composite?
False
Is 8764885 composite?
True
Is 625589 a prime number?
True
Is 2353573 composite?
True
Is 6556559 a prime number?
True
Is 15935173 a composite number?
True
Is 35002519 composite?
False
Is 34996963 prime?
True
Is 54355339 a composite number?
False
Is 4552861 composite?
False
Is 55493561 composite?
True
Is 2924627 prime?
True
Is 23100041 prime?
True
Is 29059 a composite number?
False
Is 826907 a prime number?
True
Is 55860379 composite?
True
Is 359959 a prime number?
False
Is 3399145 prime?
False
Is 2413001 a composite number?
False
Is 43956287 a composite number?
False
Is 843389 a composite number?
True
Is 648901 a composite number?
True
Is 33562643 composite?
False
Is 9290629 prime?
False
Is 21680693 prime?
False
Is 313145507 a composite number?
False
Is 128884423 a prime number?
False
Is 22497711 a prime number?
False
Is 199753163 a prime number?
True
Is 4717183 composite?
False
Is 238700185 a composite number?
True
Is 647411 a composite number?
True
Is 16837147 composite?
True
Is 944158574 prime?
False
Is 953747 a prime number?
True
Is 26077121 composite?
True
Is 1538477 a prime number?
False
Is 7420661 a prime number?
True
Is 744893 prime?
True
Is 46844599 prime?
False
Is 4248551 composite?
False
Is 81510357 a composite number?
True
Is 12216251 prime?
False
Is 1890509 a composite number?
False
Is 28283567 composite?
True
Is 3225779 a prime number?
True
Is 379482391 composite?
True
Is 2964253 a composite number?
False
Is 339211 a prime number?
True
Is 1720253 a prime number?
False
Is 66156886 a prime number?
False
Is 12237301 a prime number?
True
Is 480392